ist the prime factors of c.
3, 71
Suppose -7 = -5*i - 4*c, 5*i - 7*i - 3*c = 0. List the prime factors of i/12 + 105/12.
3
Suppose -3*r + 30 = -3*k, 6*k = -r + 2*k - 15. Let d = 9 - r. What are the prime factors of d?
2
Let c(d) = d**3 + 5*d**2 - 8*d - 6. What are the prime factors of c(-6)?
2, 3
Let g(z) = -z**3 + 9*z**2 - 5*z - 1. Let t be g(7). Let u be (2 - -1)/((-3)/(-4)). Suppose u*k = -10 + t. List the prime factors of k.
13
Suppose -196 = -4*c - 5*j, 5*j = 11 + 9. List the prime factors of c.
2, 11
List the prime factors of 1/(3/12) - -9.
13
Let a(s) = s**2 + 5*s - 14. List the prime factors of a(-14).
2, 7
Let f(u) = -u**2 - 3*u + 4. Let n be f(-4). Let k = -10 - -12. Suppose n*l = -l + k. List the prime factors of l.
2
Let r = 40 + -15. Suppose 4*m = -3*s - 40, 4*s + m - 66 = 8*s. Let t = s + r. List the prime factors of t.
3
Let r be 3/(-6)*(-22 + 0). Suppose r = 4*n - 3*n. List the prime factors of n.
11
What are the prime factors of (-2)/(-3) - (-16)/12?
2
Let s be -3 + 5 + -2 + 4. Suppose w - 3*y - 1 = 0, 0 = s*w - y + 2*y - 56. List the prime factors of w.
13
List the prime factors of 6/(-9) + -4 + 947/3.
311
Suppose -2*y + y = 2*i + 90, 188 = -2*y + 4*i. List the prime factors of (y + 0)*(-4)/16.
23
Let m = 0 + 0. Let c be (18/15)/(2/5). Suppose -2*n - 17 = -c*n + 4*y, -4*n + 2*y + 26 = m. List the prime factors of n.
5
Suppose -4*r = -r + 24. Let d be 2 - (18 - -1 - -3). Let m = r - d. What are the prime factors of m?
2, 3
Let t(c) be the first derivative of c**4/4 + 3*c**3 - 13*c**2/2 - c + 2. What are the prime factors of t(-10)?
29
Let t = 44 + -6. What are the prime factors of t?
2, 19
Let f = -11 - -3. Let m = 14 + f. List the prime factors of m.
2, 3
Let s(z) = 8*z**3 - 2*z + 1. List the prime factors of s(1).
7
Let t = -2 + 2. Suppose -j = -t*j - 10. Suppose -y - 3 = -j. What are the prime factors of y?
7
Let z = 45 - 43. Suppose 12 + 20 = 4*x. Suppose x*r - z*f - 83 = 3*r, -49 = -3*r + 2*f. List the prime factors of r.
17
Let b = 9 + -5. Suppose -b = c - 6. List the prime factors of c.
2
Let k = 28 + -1. List the prime factors of k.
3
Let g(n) = n**3 + 2*n**2 - n. Let o be g(1). Let i(t) = -t**3 - 3*t**2 + 3. Let p be i(-3). Suppose -p*r - o*r = -25. List the prime factors of r.
5
Let j = -7 - -1. Let a = j - -30. What are the prime factors of a?
2, 3
Let y = -43 + 73. List the prime factors of y.
2, 3, 5
Let d = 25 - 18. Let b = d - -4. Let n = -1 + b. What are the prime factors of n?
2, 5
Let v(a) = a + 5. Let l be v(-5). Suppose -2*f + 38 = 2*r, -f + l*r + 7 = -3*r. What are the prime factors of f?
2
Let g(d) = d**2 + d - 3. Let s be g(3). Suppose -y - s = 2*y. Let h = 10 + y. What are the prime factors of h?
7
Let v = -3 + 41. Suppose 3*o = 5*o + t - v, 3*t + 26 = o. What are the prime factors of 188/o - 2/5?
3
Suppose -29 - 72 = -3*u + 2*n, n + 128 = 4*u. What are the prime factors of u?
31
Let l = -85 - -133. What are the prime factors of l?
2, 3
Let t be (-1)/(0 + (-3)/(-75)). Let z = t - -42. List the prime factors of z.
17
Suppose 0*k + 2*k = -2. Let z be (k - 1)*(-3)/(-2). Let m = 9 - z. List the prime factors of m.
2, 3
Let w(i) = i + 3*i + 0*i + 0*i. List the prime factors of w(2).
2
Let t(i) be the second derivative of 23*i**3/6 - 5*i. List the prime factors of t(1).
23
Let h = 8 - 5. Suppose h*i = i + 20. Let p = i + -5. What are the prime factors of p?
5
What are the prime factors of (-104)/(-18) + (0 - 6/(-27))?
2, 3
Let s(x) = -43*x**3 - x - 1. What are the prime factors of s(-1)?
43
Let m = 37 - 13. List the prime factors of m.
2, 3
Let h(s) = -s**3 - s**2 + 2*s - 4. Let l be h(-3). Let q = l + 5. What are the prime factors of q?
13
Suppose 4*n = -2*z + n - 67, 3*n = z + 56. Let r = -28 - z. What are the prime factors of r?
13
Let z(n) = n - 7. Let g be z(-5). Let m = 15 + g. What are the prime factors of m?
3
Let w(i) = 10*i**2 - 6*i + 6. What are the prime factors of w(3)?
2, 3, 13
Let r(l) = l**2 + 3*l + 4. Let x be r(6). Let u = x + -35. What are the prime factors of u?
23
Suppose -87 = -5*a + 198. Suppose -4*w - 13 = -a. What are the prime factors of w?
11
Let m = 4 - 1. Let n = m - 0. List the prime factors of n.
3
Let m = -34 + 78. List the prime factors of m.
2, 11
Let v(n) = n**2 + 3*n + 4. Suppose 0 = -6*l + 3*l - 5*q - 2, -3*l - q = 10. What are the prime factors of v(l)?
2
Let l(g) = 0 + 2 - 3*g - g**3 - 4*g**2 - 4. Let z be l(-2). Let d(b) = -4*b - 4. List the prime factors of d(z).
2, 3
Let v(s) = 25*s + 1. Let i be v(3). Let n = i + -41. Suppose 4*g - n = -g. List the prime factors of g.
7
Suppose 1 + 5 = v. Let r be (v/5)/((-9)/(-30)). Suppose -2*c = -r*b - c + 46, 3*b - 40 = -2*c. What are the prime factors of b?
2, 3
Let a(v) = v + 6. Let r be a(0). Let n be ((-6)/(-15))/((-2)/10). What are the prime factors of (-33)/r*n + 0?
11
Suppose 38 = -5*u + 7*u. What are the prime factors of u?
19
Let k(u) = u + 18. Let z be k(0). List the prime factors of 1/2*(z - 12).
3
Suppose 0 = -v + 3*v - 74. List the prime factors of v.
37
Let v(a) = -a - 8. Let t(z) = z**2 + 6*z - 2. Let l be t(-4). What are the prime factors of v(l)?
2
Suppose -2*a = -4*c - 116, -5*a - 3*c + 316 = -0*c. List the prime factors of a.
2, 31
Let v(h) = -h**3 + 6*h**2 + 2*h + 27. What are the prime factors of v(6)?
3, 13
Let z(x) = x**2 - 12*x + 16. List the prime factors of z(14).
2, 11
List the prime factors of (12/7)/(18/63).
2, 3
Suppose 0 = 3*d - 163 + 31. Suppose 4 = -n + 2*i, -4*n - i + d = 3*i. Suppose n = 5*l - 2*l. What are the prime factors of l?
2
Let o = 7 - 12. Let d be (-4)/10 - 37/(-5). List the prime factors of 0 + o + 3 + d.
5
Let t(j) = 3*j - 69. List the prime factors of t(27).
2, 3
Suppose -7*l = -5*l - 10. Suppose -45 = -6*q + q - l*w, -5*q = 4*w - 46. What are the prime factors of q?
2, 5
Let f(s) = 4*s**3 + 5*s**2 + 3*s - 8. Let h(y) = y**3 - y**2 + 1. Let u(k) = f(k) - 3*h(k). What are the prime factors of u(-6)?
43
Let z = -6 + 9. Suppose 0 = -z*s + 19 + 53. List the prime factors of s.
2, 3
Let r be (2/5)/(6/(-30)). Let j(c) = -4*c - 2. What are the prime factors of j(r)?
2, 3
Let c = -2 - -4. Let w(t) = 17*t - 2. List the prime factors of w(c).
2
Let s(m) = m**2 + 5*m - 7. Let u(p) be the second derivative of -p**3/2 - p**2/2 + p. Let k be u(2). What are the prime factors of s(k)?
7
Suppose 24 = y - 6*z + 4*z, 0 = -4*z + 16. What are the prime factors of y?
2
Let k = 119 + -59. List the prime factors of k.
2, 3, 5
Let l(g) = -g**3 + 8*g**2 - 6*g + 6. Let d be l(7). Let i = d + -9. List the prime factors of i.
2
Suppose -4*n - y + 117 = 2*y, -y + 3 = 0. Suppose i - 4*i + n = 0. List the prime factors of i.
3
Suppose 2*f - 1435 + 188 = -5*r, -2*f + 494 = 2*r. What are the prime factors of r?
251
What are the prime factors of (1 - -89) + -1*(-5 + 1)?
2, 47
Let t(r) = r**3 - 3*r**2 + 3. Let j be t(3). Suppose -h = -j*y + 74, 5*y + 3*h = 71 + 43. List the prime factors of y.
2, 3
Let x be 1 + -10 - 4/(-2). Let r(a) be the second derivative of a**4/12 + a**3 + 5*a**2/2 - a. List the prime factors of r(x).
2, 3
Let m(q) = -2*q - 6. Let y(p) = p + 2. Let w(i) = 3*m(i) + 8*y(i). Let c be w(4). Suppose 0 = -2*n + 4*n - c. What are the prime factors of n?
3
Let x be 2 + (0 - -2) + -2. What are the prime factors of (1 - (x + -2))*2?
2
Suppose 4*w = 3*q + 103, -2*w - 4*q - 42 = -3*w. Suppose 4*u = 4*o - 128, -w = -2*o + o - 4*u. Let c = o + -18. What are the prime factors of c?
2, 3
List the prime factors of 3 + (162 + 1)/1.
2, 83
Let r(y) = -y**3 + 9*y**2 - 7*y - 6. Let m be r(8). Let h = 2 - m. Suppose 15 = 3*a - f, -4*a - 2*f + 10 + 20 = h. List the prime factors of a.
2, 3
Suppose -2*s - 17 = -0*n + 3*n, n = 1. Let k = 8 - s. List the prime factors of k.
2, 3
Let t = 14 - -9. What are the prime factors of t?
23
Let b(k) = 4*k + 0 + 0. List the prime factors of b(7).
2, 7
Let p = -7 + 11. Let g be (-2*6/p)/1. List the prime factors of 3/(g/(-18)*2).
3
Suppose 2*g - 5*g = -4*f + 110, 5*f = -g + 147. What are the prime factors of f?
29
Let l be -2*(-4)/(16/6). Suppose -3*w = -l*t + 87, 4*t + 3*w = 2*w + 96. List the prime factors of t.
5
Suppose 3*n = 5*x + 191, -4*x = n + 3*n - 212. List the prime factors of n.
3, 19
Let z(f) = f**3 - 10*f**2 + f - 7. Let t be z(10). Suppose -t*n + b = -102, 0 = -4*n